 base 12, what is 6 - -19288162?
19288168
In base 14, what is 3 - 330a1d8?
-330a1d5
In base 11, what is -3913563 - -7a?
-3913494
In base 4, what is -13231220210303 + 2?
-13231220210301
In base 5, what is 2240003 + 134203?
2424211
In base 8, what is 64 + 10343363?
10343447
In base 8, what is 20 + 253153?
253173
In base 16, what is -4 + -395f1bc?
-395f1c0
In base 7, what is -1553242 - 53?
-1553325
In base 16, what is -42 + -1dce2?
-1dd24
In base 2, what is -1011111 - 1010111100111011000101?
-1010111100111100100100
In base 6, what is 513 - 405234?
-404321
In base 2, what is 1 - 10001001101101011110000111?
-10001001101101011110000110
In base 8, what is -265024 - 155?
-265201
In base 4, what is 3110031322111 - 3?
3110031322102
In base 2, what is 10000001110111100001 + -11?
10000001110111011110
In base 9, what is -17427 + -33815?
-52343
In base 2, what is -1011100111100101001101 - -110?
-1011100111100101000111
In base 3, what is 10020210120202 + 22122?
10020210220101
In base 13, what is 8c93 + 1b1?
9174
In base 2, what is 10110101111110110101101 - 100?
10110101111110110101001
In base 4, what is 1201000 + 30123013?
31330013
In base 12, what is -35241 + 7162?
-2a09b
In base 7, what is 33 - 41133646?
-41133613
In base 8, what is -25037477 + 4?
-25037473
In base 6, what is 24 - -35515?
35543
In base 16, what is -160 - -304?
1a4
In base 9, what is 607566 + -65?
607501
In base 15, what is -25b54 - 131?
-25c85
In base 11, what is -40912 + 2a9?
-40614
In base 16, what is 3f46 - -7d9f?
bce5
In base 13, what is -1 + 81c157?
81c156
In base 2, what is 111110100101111 - 10100?
111110100011011
In base 5, what is -34240141 + 34?
-34240102
In base 14, what is 4 - -4106a48?
4106a4c
In base 8, what is -2040 - -1353?
-465
In base 3, what is 11200212112211 - 0?
11200212112211
In base 4, what is 102021101330 - -322?
102021102312
In base 12, what is 403 + -aa4?
-6a1
In base 10, what is -14 + -583718?
-583732
In base 4, what is -11 - -201130232231?
201130232220
In base 6, what is -554232255 + 1?
-554232254
In base 3, what is 0 + -22201020010221?
-22201020010221
In base 9, what is 348 + 155841?
156300
In base 16, what is -26a + -132?
-39c
In base 6, what is -1 + -3425331405?
-3425331410
In base 15, what is 13c + 8db5?
9002
In base 15, what is cced7 + 36?
cd01d
In base 10, what is -67 - -4449631?
4449564
In base 15, what is -1718b + -1aa1?
-18c3c
In base 4, what is 13102011223030 + -1?
13102011223023
In base 13, what is -aa6 - -4bc23?
4b14a
In base 11, what is 112794 - 148?
112647
In base 3, what is 100120102210 - -1220212?
100122100122
In base 11, what is 114a72 - -220?
115192
In base 14, what is 566 - -263?
7c9
In base 13, what is -5040 - -37b8?
-1555
In base 5, what is -3 + 33040430102?
33040430044
In base 6, what is -2 - -500513455?
500513453
In base 12, what is 180405aa - 1?
180405a9
In base 13, what is 1 + 1a23c577?
1a23c578
In base 15, what is 18a - 285a?
-26c0
In base 12, what is 4 + 877490?
877494
In base 15, what is -1a864 - 151?
-1a9b5
In base 4, what is 320032 + -3101?
310331
In base 6, what is -424 + -1055123?
-1055551
In base 10, what is -6 - -2995804?
2995798
In base 16, what is -53ab0 - -3d?
-53a73
In base 9, what is -10 + -272156?
-272166
In base 8, what is -11425732 + 4?
-11425726
In base 4, what is -21111 - -10103230?
10022113
In base 12, what is 161 - 13077?
-12b16
In base 13, what is -6368a - 30?
-636ba
In base 16, what is -2226b + 6b?
-22200
In base 12, what is 163b + -21a8?
-769
In base 13, what is -13493 - -2baa?
-105b6
In base 11, what is 2518 + 216894?
219301
In base 5, what is -133321440 + 32?
-133321403
In base 9, what is 660056082 - -2?
660056084
In base 8, what is 3 - -277460121?
277460124
In base 14, what is -174 + 231d9?
23065
In base 2, what is -101 + -1000100001100011100?
-1000100001100100001
In base 14, what is -5 + b1333c1?
b1333ba
In base 5, what is -21 - 4204302002?
-4204302023
In base 8, what is -2 - 147155117?
-147155121
In base 11, what is 1 + 973260?
973261
In base 3, what is -121102 - 22212101?
-100110210
In base 3, what is -100001 - 2122120010220?
-2122120110221
In base 3, what is 110 + 10021101211122?
10021101212002
In base 11, what is 96 + 1829578?
1829663
In base 11, what is 2234a794 - 4?
2234a790
In base 9, what is -2346564 - 61?
-2346635
In base 5, what is 4 - -21430401330?
21430401334
In base 5, what is 24320 + -2242?
22023
In base 15, what is -4dd08 + 19a?
-4db5d
In base 14, what is -19022 - 2a4?
-192c6
In base 14, what is 1390598a + 0?
1390598a
In base 5, what is 104 + 22144333?
22144442
In base 2, what is 1101100010101001010111 - -11001?
1101100010101001110000
In base 16, what is 943a - -103a?
a474
In base 7, what is -21342306 - -4?
-21342302
In base 16, what is -1 - -f2193f?
f2193e
In base 8, what is 73426 - -15366?
111014
In base 9, what is 673 + 102601?
103374
In base 6, what is -1 + -12351313?
-12351314
In base 9, what is 365 + 57048?
57424
In base 9, what is 1045 - -268460?
270515
In base 9, what is -6146 + -2212?
-8358
In base 4, what is 3021131332322 - -1?
3021131332323
In base 10, what is -5 - -40430576?
40430571
In base 2, what is -10100000001000 - -1101001110010001?
1010101110001001
In base 12, what is 61 - 284336?
-284295
In base 7, what is 2 + 101401252?
101401254
In base 3, what is -10021120200010 - 122?
-10021120200202
In base 3, what is -2 + 122202211112?
122202211110
In base 8, what is -606476 + 136?
-606340
In base 14, what is -32cc + 55c?
-2b70
In base 16, what is -4 + -a47ccc?
-a47cd0
In base 5, what is 1031330402 + 131?
1031331033
In base 4, what is -10 + -13203331303003?
-13203331303013
In base 5, what is -2112104444 + -1?
-2112110000
In base 2, what is 11111100001 - 10101010011110?
-10001010111101
In base 12, what is 44 - 1225772?
-122572a
In base 10, what is -347750496 - 0?
-347750496
In base 15, what is -405d1 - 5c?
-4063d
In base 6, what is -1 + -112110423?
-112110424
In base 3, what is 200201220112 - 100?
200201220012
In base 2, what is 11 + -10001011011110011100?
-10001011011110011001
In base 7, what is -1134265 + -6502?
-1144100
In base 4, what is 1010330123 + -301?
1010323222
In base 12, what is -48745 + 5b6?
-4814b
In base 15, what is -2e1 + -2123e?
-21530
In base 8, what is -6242240 + -13?
-6242253
In base 5, what is -204343013224 + 4?
-204343013220
In base 5, what is -34 + -1213303440?
-1213304024
In base 9, what is 1 - 10177816?
-10177815
In base 13, what is -3 - 781044?
-781047
In base 4, what is 1133332013 + -12?
1133332001
In base 7, what is -52330 - 22240?
-104600
In base 11, what is -7970 + -541?
-8401
In base 14, what is -1149ac - -1?
-1149ab
In base 3, what is -11010201000 + -1022020?
-11012000020
In base 6, what is -1502513 + -5113?
-1512030
In base 15, what is -3dd09d - 0?
-3dd09d
In base 12, what is -18413 - 1a9a?
-1a2b1
In base 14, what is 3 + 884d1c7?
884d1ca
In base 3, what is -221100022 - -1100221?
-212222101
In base 8, what is 2566164 + -1?
2566163
In base 14, what is -32c + 22165?
21c37
In base 8, what is -200600671 + -2?
-200600673
In base 3, what is 12 + -1121221120200?
-1121221120111
In base 7, what is 1 + -41025562?
-41025561
In base 8, what is 1131523 - 27?
1131474
In base 13, what is 5ab2671 - 3?
5ab266b
In base 4, what is -220111232012 - -10?
-220111232002
In base 7, what is 34151336 + 546?
34152215
In base 7, what is -530 + 13252134?
13251304
In base 12, what is 0 + -444044?
-444044
In base 4, what is 213020322 + -10?
213020312
In base 2, what is 1110111011100011 + -101010?
1110111010111001
In base 3, what is 2 + 100121020000111?
100121020000120
In base 9, what is 68 + -22627034?
-22626855
In base 14, what is 5 - 8c2d60b?
-8c2d606
In base 16, what is -49e582 - 4?
-49e586
In base 5, what is 31004130040 + 3?
31004130043
In base 9, what is -1366 - 2261?
-3637
In base 16, what is 889914 + -1?
889913
In base 6, what is 4 + -3013043543?
-3013043535
In base 2, what is 110010110 - -11111100110100?
100000011001010
In base 9, what is 222614 + -1350?
221254
In base 14, what is -6 - -42bcbb0?
42bcba8
In base 14, what is cb04cb + -36?
cb0495
In base 10, what is 11 - -1128554?
1128565
In base 14, what is 0 - 26388508?
-26388508
In base 4, what is 233021 - -23122010?
30021031
In base 4, what is 12302123322 - -13?
12302130001
In base 5, what is -1242 - 3431414?
-3433211
In bas